{"id":117,"date":"2023-06-15T09:53:51","date_gmt":"2023-06-15T13:53:51","guid":{"rendered":"https:\/\/carleton.ca\/sense-md\/?page_id=117"},"modified":"2023-07-22T11:14:33","modified_gmt":"2023-07-22T15:14:33","slug":"older-driver-resources","status":"publish","type":"page","link":"https:\/\/carleton.ca\/sense-md\/older-driver-resources\/","title":{"rendered":"Older Driver Resources"},"content":{"rendered":"<h2 class=\"gmail_default\"><\/h2>\n<h2 class=\"gmail_default\" style=\"text-align: center;\"><strong>Older Driver Resources<\/strong><\/h2>\n<div><\/div>\n<div><\/div>\n<h4 class=\"gmail_default\"><em>** Note that the SENSE-MD project has collated this information but does not endorse the resources listed below.<\/em><\/h4>\n<h3 class=\"gmail_default\"><\/h3>\n<p><\/p>\n<h3 class=\"gmail_default\"><img decoding=\"async\" loading=\"lazy\" class=\"size-medium wp-image-134 alignright\" src=\"https:\/\/carleton.ca\/sense-md\/wp-content\/uploads\/pexels-adrien-olichon-2537607-240x160.jpg\" alt=\"\" width=\"240\" height=\"160\" srcset=\"https:\/\/carleton.ca\/sense-md\/wp-content\/uploads\/pexels-adrien-olichon-2537607-240x160.jpg 240w, https:\/\/carleton.ca\/sense-md\/wp-content\/uploads\/pexels-adrien-olichon-2537607-400x267.jpg 400w, https:\/\/carleton.ca\/sense-md\/wp-content\/uploads\/pexels-adrien-olichon-2537607-160x107.jpg 160w, https:\/\/carleton.ca\/sense-md\/wp-content\/uploads\/pexels-adrien-olichon-2537607-768x512.jpg 768w, https:\/\/carleton.ca\/sense-md\/wp-content\/uploads\/pexels-adrien-olichon-2537607-1536x1024.jpg 1536w, https:\/\/carleton.ca\/sense-md\/wp-content\/uploads\/pexels-adrien-olichon-2537607-2048x1365.jpg 2048w, https:\/\/carleton.ca\/sense-md\/wp-content\/uploads\/pexels-adrien-olichon-2537607-360x240.jpg 360w\" sizes=\"(max-width: 240px) 100vw, 240px\" \/>1. The Council on Aging of Ottawa has collected information about older driver resources here:<\/h3>\n\n<div class=\"\">\n\t<p>\n\t\t<a class=\"button__red button__red--outline\" href=\"https:\/\/coaottawa.ca\/smartaging\/workshop-5\/\" target=&quot;_blank&quot; rel=\"noopener noreferrer\">Workshop: Getting where you need to go<\/a>\n\t<\/p>\n<\/div>\n\n<p><\/p>\n<h3><\/h3>\n<p><\/p>\n<h3 class=\"gmail_default\">2. Ministry of Transportation of Ontario:<\/h3>\n\n<div class=\"\">\n\t<p>\n\t\t<a class=\"button__red button__red--outline\" href=\"https:\/\/www.ontario.ca\/page\/renew-g-drivers-licence-80-years-and-over\" target=&quot;_blank&quot; rel=\"noopener noreferrer\">How to renew a G drivers licence<\/a>\n\t<\/p>\n<\/div>\n\n\n<div class=\"\">\n\t<p>\n\t\t<a class=\"button__red button__red--outline\" href=\"https:\/\/www.youtube.com\/watch?v=mWJFDUg-CkY\" target=&quot;_blank&quot; rel=\"noopener noreferrer\">How to renew your driver&#039;s licence - Video<\/a>\n\t<\/p>\n<\/div>\n\n<h3><\/h3>\n<p><\/p>\n<h3 class=\"gmail_default\">3. Individual Driving Assessments: Occupational Therapists (OTs) whose practice involves driver assessment (there will likely be a cost with this service).<\/h3>\n<p class=\"gmail_default\">Use the <i>Find an OT<\/i>\u00a0service on the\u00a0<a href=\"http:\/\/www.caot.ca\/\" target=\"_blank\" rel=\"noopener noreferrer\" data-saferedirecturl=\"https:\/\/www.google.com\/url?q=http:\/\/www.caot.ca&amp;source=gmail&amp;ust=1686921707064000&amp;usg=AOvVaw0wyBoLRQfiHa19_-GaScUi\">www.caot.ca<\/a>\u00a0website:<\/p>\n\n<div class=\"\">\n\t<p>\n\t\t<a class=\"button__red button__red--outline\" href=\"https:\/\/caot.ca\/site\/findot\" target=&quot;_blank&quot; rel=\"noopener noreferrer\">Find an Occupational Therapist<\/a>\n\t<\/p>\n<\/div>\n\n<p class=\"gmail_default\">Put in the city and then select Driver assessment &amp; rehabilitation and you will get a list of OTs (who offer driver assessment services) and their contact information.<\/p>\n<div><\/div>\n<div class=\"gmail_default\"><img decoding=\"async\" loading=\"lazy\" class=\" wp-image-386 aligncenter\" src=\"https:\/\/carleton.ca\/sense-md\/wp-content\/uploads\/Screenshot-2023-07-22-111021-1-240x120.png\" alt=\"\" width=\"632\" height=\"316\" srcset=\"https:\/\/carleton.ca\/sense-md\/wp-content\/uploads\/Screenshot-2023-07-22-111021-1-240x120.png 240w, https:\/\/carleton.ca\/sense-md\/wp-content\/uploads\/Screenshot-2023-07-22-111021-1-400x200.png 400w, https:\/\/carleton.ca\/sense-md\/wp-content\/uploads\/Screenshot-2023-07-22-111021-1-160x80.png 160w, https:\/\/carleton.ca\/sense-md\/wp-content\/uploads\/Screenshot-2023-07-22-111021-1-768x384.png 768w, https:\/\/carleton.ca\/sense-md\/wp-content\/uploads\/Screenshot-2023-07-22-111021-1-360x180.png 360w, https:\/\/carleton.ca\/sense-md\/wp-content\/uploads\/Screenshot-2023-07-22-111021-1.png 1012w\" sizes=\"(max-width: 632px) 100vw, 632px\" \/><\/div>\n<p><\/p>\n<p class=\"gmail_default\">The CAOT also offers this information to the public (although the page is designed for OTs):\u00a0 \u00a0<a href=\"https:\/\/caot.ca\/site\/prac-res\/pr\/nationalblueprintod\" target=\"_blank\" rel=\"noopener noreferrer\" data-saferedirecturl=\"https:\/\/www.google.com\/url?q=https:\/\/caot.ca\/site\/prac-res\/pr\/nationalblueprintod&amp;source=gmail&amp;ust=1686921707064000&amp;usg=AOvVaw1CF-ab3E70qP-F7dac3ylv\">https:\/\/caot.ca\/site\/prac-<wbr \/>res\/pr\/nationalblueprintod<\/a><\/p>\n<h3><\/h3>\n<p><\/p>\n<h3 class=\"gmail_default\">4. Further ideas for older driver refresher courses can be found here:<\/h3>\n<h4 class=\"gmail_default\">Canadian Automobile Association (CAA):<\/h4>\n\n<div class=\"\">\n\t<p>\n\t\t<a class=\"button__red button__red--outline\" href=\"https:\/\/www.caa.ca\/driving-safely\/senior-drivers\/carfit\/\" target=&quot;_blank&quot; rel=\"noopener noreferrer\">CAA - CarFit Program<\/a>\n\t<\/p>\n<\/div>\n\n\n<div class=\"\">\n\t<p>\n\t\t<a class=\"button__red button__red--outline\" href=\"https:\/\/www.caa.ca\/driving-safely\/senior-drivers\/refresher-courses\/\" target=&quot;_blank&quot; rel=\"noopener noreferrer\">CAA - Refresher Courses<\/a>\n\t<\/p>\n<\/div>\n\n<h4 class=\"gmail_default\">Canada Safety Council (CSC):<\/h4>\n\n<div class=\"\">\n\t<p>\n\t\t<a class=\"button__red button__red--outline\" href=\"https:\/\/canadasafetycouncil.org\/product\/55-alive-driver-refresher-course\/\" target=&quot;_blank&quot; rel=\"noopener noreferrer\">55 Alive Driver Refresher Course<\/a>\n\t<\/p>\n<\/div>\n\n<h4 class=\"gmail_default\">Other&#8230;<\/h4>\n\n<div class=\"\">\n\t<p>\n\t\t<a class=\"button__red button__red--outline\" href=\"https:\/\/www.drivewise.com\/senior-programs\" target=&quot;_blank&quot; rel=\"noopener noreferrer\">Senior Driving Program<\/a>\n\t<\/p>\n<\/div>\n\n<h3><\/h3>\n<p><\/p>\n<h3>5. Province Specific Resources (outside of Ontario):<\/h3>\n<h4>Manitoba:<\/h4>\n\n<div class=\"\">\n\t<p>\n\t\t<a class=\"button__red button__red--outline\" href=\"https:\/\/safetyservicesmanitoba.ca\/safe-driving-home\/free-safe-driving-presentation\/\" target=&quot;_blank&quot; rel=\"noopener noreferrer\">Safety Services Manitoba offer a free mature driver workshop<\/a>\n\t<\/p>\n<\/div>\n\n<h4>New Brunswick:<\/h4>\n\n<div class=\"\">\n\t<p>\n\t\t<a class=\"button__red button__red--outline\" href=\"https:\/\/nbscf.ca\/\" target=&quot;_blank&quot; rel=\"noopener noreferrer\">New Brunswick Senior Citizen Federation: Driving awareness courses<\/a>\n\t<\/p>\n<\/div>\n\n<h4>Nova Scotia:<\/h4>\n\n<div class=\"\">\n\t<p>\n\t\t<a class=\"button__red button__red--outline\" href=\"https:\/\/novascotia.ca\/news\/release\/?id=20010927012#:~:text=Under%20the%20program%2C%20any%20driver%20aged%2065%20or,for%20a%20grant%20of%20%2440%20from%20the%20government.\" target=&quot;_blank&quot; rel=\"noopener noreferrer\">$40 discount on safe driving courses (offered by approved organizations) for drivers that are 65 and older<\/a>\n\t<\/p>\n<\/div>\n\n\n<div class=\"\">\n\t<p>\n\t\t<a class=\"button__red button__red--outline\" href=\"https:\/\/www.novascotia.ca\/sns\/rmv\/safe\/senior.asp\" target=&quot;_blank&quot; rel=\"noopener noreferrer\">Organizations approved for the discount<\/a>\n\t<\/p>\n<\/div>\n\n<h4>Prince Edward Island:<\/h4>\n\n<div class=\"\">\n\t<p>\n\t\t<a class=\"button__red button__red--outline\" href=\"https:\/\/www.princeedwardisland.ca\/en\/information\/transportation-infrastructure-and-energy\/driver-refresher-course55-alive\" target=&quot;_blank&quot; rel=\"noopener noreferrer\">PEI Senior Citizens&#039; Federation and the PEI government: Driver refresher course<\/a>\n\t<\/p>\n<\/div>\n\n<h4>Qu\u00e9bec:<\/h4>\n\n<div class=\"\">\n\t<p>\n\t\t<a class=\"button__red button__red--outline\" href=\"https:\/\/saaq.gouv.qc.ca\/securite-routiere\/clienteles\/aines\/sante-securite-aines-route\" target=&quot;_blank&quot; rel=\"noopener noreferrer\">Soci\u00e9t\u00e9 de l&#039;assurance automobile du Qu\u00e9bec (SAAQ): Helpful resources<\/a>\n\t<\/p>\n<\/div>\n\n<h4>Saskatchewan:<\/h4>\n\n<div class=\"\">\n\t<p>\n\t\t<a class=\"button__red button__red--outline\" href=\"https:\/\/www.sasksafety.org\/mature-driver-refresher-course.html\" target=&quot;_blank&quot; rel=\"noopener noreferrer\">Saskatchewan Safety Council: Free mature driver refresher course<\/a>\n\t<\/p>\n<\/div>\n\n","protected":false},"excerpt":{"rendered":"<p>Older Driver Resources ** Note that the SENSE-MD project has collated this information but does not endorse the resources listed below. 1. The Council on Aging of Ottawa has collected information about older driver resources here: 2. Ministry of Transportation of Ontario: 3. Individual Driving Assessments: Occupational Therapists (OTs) whose practice involves driver assessment (there [&hellip;]<\/p>\n","protected":false},"author":7,"featured_media":0,"parent":0,"menu_order":0,"comment_status":"closed","ping_status":"closed","template":"","meta":{"_relevanssi_hide_post":"","_relevanssi_hide_content":"","_relevanssi_pin_for_all":"","_relevanssi_pin_keywords":"","_relevanssi_unpin_keywords":"","_relevanssi_related_keywords":"","_relevanssi_related_include_ids":"","_relevanssi_related_exclude_ids":"","_relevanssi_related_no_append":"","_relevanssi_related_not_related":"","_relevanssi_related_posts":"","_relevanssi_noindex_reason":"","_mi_skip_tracking":false,"_exactmetrics_sitenote_active":false,"_exactmetrics_sitenote_note":"","_exactmetrics_sitenote_category":0,"_monsterinsights_sitenote_active":false,"_monsterinsights_sitenote_note":"","_monsterinsights_sitenote_category":0,"footnotes":"","_links_to":"","_links_to_target":""},"yoast_head":"<!-- This site is optimized with the Yoast SEO plugin v21.2 - https:\/\/yoast.com\/wordpress\/plugins\/seo\/ -->\n<title>Older Driver Resources - SENSE-MD<\/title>\n<meta name=\"description\" content=\"Older Driver Resources ** Note that the SENSE-MD project has collated this information but does not endorse the resources listed below. &nbsp; 1. The\" \/>\n<meta name=\"robots\" content=\"index, follow, max-snippet:-1, max-image-preview:large, max-video-preview:-1\" \/>\n<link rel=\"canonical\" href=\"https:\/\/carleton.ca\/sense-md\/older-driver-resources\/\" \/>\n<meta name=\"twitter:label1\" content=\"Est. reading time\" \/>\n\t<meta name=\"twitter:data1\" content=\"3 minutes\" \/>\n<script type=\"application\/ld+json\" class=\"yoast-schema-graph\">{\"@context\":\"https:\/\/schema.org\",\"@graph\":[{\"@type\":\"WebPage\",\"@id\":\"https:\/\/carleton.ca\/sense-md\/older-driver-resources\/\",\"url\":\"https:\/\/carleton.ca\/sense-md\/older-driver-resources\/\",\"name\":\"Older Driver Resources - SENSE-MD\",\"isPartOf\":{\"@id\":\"https:\/\/carleton.ca\/sense-md\/#website\"},\"datePublished\":\"2023-06-15T13:53:51+00:00\",\"dateModified\":\"2023-07-22T15:14:33+00:00\",\"description\":\"Older Driver Resources ** Note that the SENSE-MD project has collated this information but does not endorse the resources listed below. &nbsp; 1. The\",\"breadcrumb\":{\"@id\":\"https:\/\/carleton.ca\/sense-md\/older-driver-resources\/#breadcrumb\"},\"inLanguage\":\"en-US\",\"potentialAction\":[{\"@type\":\"ReadAction\",\"target\":[\"https:\/\/carleton.ca\/sense-md\/older-driver-resources\/\"]}]},{\"@type\":\"BreadcrumbList\",\"@id\":\"https:\/\/carleton.ca\/sense-md\/older-driver-resources\/#breadcrumb\",\"itemListElement\":[{\"@type\":\"ListItem\",\"position\":1,\"name\":\"Home\",\"item\":\"https:\/\/carleton.ca\/sense-md\/\"},{\"@type\":\"ListItem\",\"position\":2,\"name\":\"Older Driver Resources\"}]},{\"@type\":\"WebSite\",\"@id\":\"https:\/\/carleton.ca\/sense-md\/#website\",\"url\":\"https:\/\/carleton.ca\/sense-md\/\",\"name\":\"SENSE-MD\",\"description\":\"Carleton University\",\"potentialAction\":[{\"@type\":\"SearchAction\",\"target\":{\"@type\":\"EntryPoint\",\"urlTemplate\":\"https:\/\/carleton.ca\/sense-md\/?s={search_term_string}\"},\"query-input\":\"required name=search_term_string\"}],\"inLanguage\":\"en-US\"}]}<\/script>\n<!-- \/ Yoast SEO plugin. -->","yoast_head_json":{"title":"Older Driver Resources - SENSE-MD","description":"Older Driver Resources ** Note that the SENSE-MD project has collated this information but does not endorse the resources listed below. &nbsp; 1. The","robots":{"index":"index","follow":"follow","max-snippet":"max-snippet:-1","max-image-preview":"max-image-preview:large","max-video-preview":"max-video-preview:-1"},"canonical":"https:\/\/carleton.ca\/sense-md\/older-driver-resources\/","twitter_misc":{"Est. reading time":"3 minutes"},"schema":{"@context":"https:\/\/schema.org","@graph":[{"@type":"WebPage","@id":"https:\/\/carleton.ca\/sense-md\/older-driver-resources\/","url":"https:\/\/carleton.ca\/sense-md\/older-driver-resources\/","name":"Older Driver Resources - SENSE-MD","isPartOf":{"@id":"https:\/\/carleton.ca\/sense-md\/#website"},"datePublished":"2023-06-15T13:53:51+00:00","dateModified":"2023-07-22T15:14:33+00:00","description":"Older Driver Resources ** Note that the SENSE-MD project has collated this information but does not endorse the resources listed below. &nbsp; 1. The","breadcrumb":{"@id":"https:\/\/carleton.ca\/sense-md\/older-driver-resources\/#breadcrumb"},"inLanguage":"en-US","potentialAction":[{"@type":"ReadAction","target":["https:\/\/carleton.ca\/sense-md\/older-driver-resources\/"]}]},{"@type":"BreadcrumbList","@id":"https:\/\/carleton.ca\/sense-md\/older-driver-resources\/#breadcrumb","itemListElement":[{"@type":"ListItem","position":1,"name":"Home","item":"https:\/\/carleton.ca\/sense-md\/"},{"@type":"ListItem","position":2,"name":"Older Driver Resources"}]},{"@type":"WebSite","@id":"https:\/\/carleton.ca\/sense-md\/#website","url":"https:\/\/carleton.ca\/sense-md\/","name":"SENSE-MD","description":"Carleton University","potentialAction":[{"@type":"SearchAction","target":{"@type":"EntryPoint","urlTemplate":"https:\/\/carleton.ca\/sense-md\/?s={search_term_string}"},"query-input":"required name=search_term_string"}],"inLanguage":"en-US"}]}},"acf":{"banner_image_type":"hosted","banner_button":"no","banner_hosted_image":"eng-info","banner_opacity":"dark"},"_links":{"self":[{"href":"https:\/\/carleton.ca\/sense-md\/wp-json\/wp\/v2\/pages\/117"}],"collection":[{"href":"https:\/\/carleton.ca\/sense-md\/wp-json\/wp\/v2\/pages"}],"about":[{"href":"https:\/\/carleton.ca\/sense-md\/wp-json\/wp\/v2\/types\/page"}],"author":[{"embeddable":true,"href":"https:\/\/carleton.ca\/sense-md\/wp-json\/wp\/v2\/users\/7"}],"replies":[{"embeddable":true,"href":"https:\/\/carleton.ca\/sense-md\/wp-json\/wp\/v2\/comments?post=117"}],"version-history":[{"count":3,"href":"https:\/\/carleton.ca\/sense-md\/wp-json\/wp\/v2\/pages\/117\/revisions"}],"predecessor-version":[{"id":387,"href":"https:\/\/carleton.ca\/sense-md\/wp-json\/wp\/v2\/pages\/117\/revisions\/387"}],"wp:attachment":[{"href":"https:\/\/carleton.ca\/sense-md\/wp-json\/wp\/v2\/media?parent=117"}],"curies":[{"name":"wp","href":"https:\/\/api.w.org\/{rel}","templated":true}]}}