{"id":124,"date":"2019-05-23T15:39:08","date_gmt":"2019-05-23T19:39:08","guid":{"rendered":"https:\/\/carleton.ca\/utili\/?page_id=124"},"modified":"2023-05-24T18:04:24","modified_gmt":"2023-05-24T22:04:24","slug":"about","status":"publish","type":"page","link":"https:\/\/carleton.ca\/utili\/about\/","title":{"rendered":"About"},"content":{"rendered":"<table>\n<tbody>\n<tr>\n<td style=\"text-align: right;\"><\/td>\n<td style=\"text-align: right;\"><em>Published on 23-May-19 at 15:39 | Last updated on 27-Sep-21 at 13:35<\/em><\/td>\n<\/tr>\n<\/tbody>\n<\/table>\n<p>Six universities from Eastern Ontario (Carleton University, University of Ottawa, and Queen&#8217;s University) and Western Quebec (L&#8217;\u00c9cole de technologie sup\u00e9rieure, Universit\u00e9 de Sherbrooke, and Universit\u00e9 du Qu\u00e9bec en Outaouais) led by Carleton University have partnered on this <a href=\"https:\/\/www.nserc-crsng.gc.ca\/professors-professeurs\/grants-subs\/create-foncer_eng.asp\">NSERC CREATE program<\/a> that will address the technological challenges associated with the safe and effective operation of uninhabited aircraft systems (UAS) and help train students to work effectively in this emerging sector.<\/p>\n","protected":false},"excerpt":{"rendered":"<p>Published on 23-May-19 at 15:39 | Last updated on 27-Sep-21 at 13:35 Six universities from Eastern Ontario (Carleton University, University of Ottawa, and Queen&#8217;s University) and Western Quebec (L&#8217;\u00c9cole de technologie sup\u00e9rieure, Universit\u00e9 de Sherbrooke, and Universit\u00e9 du Qu\u00e9bec en Outaouais) led by Carleton University have partnered on this NSERC CREATE program that will address [&hellip;]<\/p>\n","protected":false},"author":5,"featured_media":0,"parent":0,"menu_order":0,"comment_status":"closed","ping_status":"closed","template":"","meta":{"_relevanssi_hide_post":"","_relevanssi_hide_content":"","_relevanssi_pin_for_all":"","_relevanssi_pin_keywords":"","_relevanssi_unpin_keywords":"","_relevanssi_related_keywords":"","_relevanssi_related_include_ids":"","_relevanssi_related_exclude_ids":"","_relevanssi_related_no_append":"","_relevanssi_related_not_related":"","_relevanssi_related_posts":"","_relevanssi_noindex_reason":"","_mi_skip_tracking":false,"_exactmetrics_sitenote_active":false,"_exactmetrics_sitenote_note":"","_exactmetrics_sitenote_category":0,"footnotes":"","_links_to":"","_links_to_target":""},"yoast_head":"<!-- This site is optimized with the Yoast SEO plugin v21.2 - https:\/\/yoast.com\/wordpress\/plugins\/seo\/ -->\n<title>About - UTILI<\/title>\n<meta name=\"description\" content=\"Published on 23-May-19 at 15:39 | Last updated on 27-Sep-21 at 13:35 Six universities from Eastern Ontario (Carleton University, University of Ottawa, and\" \/>\n<meta name=\"robots\" content=\"index, follow, max-snippet:-1, max-image-preview:large, max-video-preview:-1\" \/>\n<link rel=\"canonical\" href=\"https:\/\/carleton.ca\/utili\/about\/\" \/>\n<script type=\"application\/ld+json\" class=\"yoast-schema-graph\">{\"@context\":\"https:\/\/schema.org\",\"@graph\":[{\"@type\":\"WebPage\",\"@id\":\"https:\/\/carleton.ca\/utili\/about\/\",\"url\":\"https:\/\/carleton.ca\/utili\/about\/\",\"name\":\"About - UTILI\",\"isPartOf\":{\"@id\":\"https:\/\/carleton.ca\/utili\/#website\"},\"datePublished\":\"2019-05-23T19:39:08+00:00\",\"dateModified\":\"2023-05-24T22:04:24+00:00\",\"description\":\"Published on 23-May-19 at 15:39 | Last updated on 27-Sep-21 at 13:35 Six universities from Eastern Ontario (Carleton University, University of Ottawa, and\",\"breadcrumb\":{\"@id\":\"https:\/\/carleton.ca\/utili\/about\/#breadcrumb\"},\"inLanguage\":\"en-US\",\"potentialAction\":[{\"@type\":\"ReadAction\",\"target\":[\"https:\/\/carleton.ca\/utili\/about\/\"]}]},{\"@type\":\"BreadcrumbList\",\"@id\":\"https:\/\/carleton.ca\/utili\/about\/#breadcrumb\",\"itemListElement\":[{\"@type\":\"ListItem\",\"position\":1,\"name\":\"Home\",\"item\":\"https:\/\/carleton.ca\/utili\/\"},{\"@type\":\"ListItem\",\"position\":2,\"name\":\"About\"}]},{\"@type\":\"WebSite\",\"@id\":\"https:\/\/carleton.ca\/utili\/#website\",\"url\":\"https:\/\/carleton.ca\/utili\/\",\"name\":\"UTILI\",\"description\":\"Carleton University\",\"potentialAction\":[{\"@type\":\"SearchAction\",\"target\":{\"@type\":\"EntryPoint\",\"urlTemplate\":\"https:\/\/carleton.ca\/utili\/?s={search_term_string}\"},\"query-input\":\"required name=search_term_string\"}],\"inLanguage\":\"en-US\"}]}<\/script>\n<!-- \/ Yoast SEO plugin. -->","yoast_head_json":{"title":"About - UTILI","description":"Published on 23-May-19 at 15:39 | Last updated on 27-Sep-21 at 13:35 Six universities from Eastern Ontario (Carleton University, University of Ottawa, and","robots":{"index":"index","follow":"follow","max-snippet":"max-snippet:-1","max-image-preview":"max-image-preview:large","max-video-preview":"max-video-preview:-1"},"canonical":"https:\/\/carleton.ca\/utili\/about\/","schema":{"@context":"https:\/\/schema.org","@graph":[{"@type":"WebPage","@id":"https:\/\/carleton.ca\/utili\/about\/","url":"https:\/\/carleton.ca\/utili\/about\/","name":"About - UTILI","isPartOf":{"@id":"https:\/\/carleton.ca\/utili\/#website"},"datePublished":"2019-05-23T19:39:08+00:00","dateModified":"2023-05-24T22:04:24+00:00","description":"Published on 23-May-19 at 15:39 | Last updated on 27-Sep-21 at 13:35 Six universities from Eastern Ontario (Carleton University, University of Ottawa, and","breadcrumb":{"@id":"https:\/\/carleton.ca\/utili\/about\/#breadcrumb"},"inLanguage":"en-US","potentialAction":[{"@type":"ReadAction","target":["https:\/\/carleton.ca\/utili\/about\/"]}]},{"@type":"BreadcrumbList","@id":"https:\/\/carleton.ca\/utili\/about\/#breadcrumb","itemListElement":[{"@type":"ListItem","position":1,"name":"Home","item":"https:\/\/carleton.ca\/utili\/"},{"@type":"ListItem","position":2,"name":"About"}]},{"@type":"WebSite","@id":"https:\/\/carleton.ca\/utili\/#website","url":"https:\/\/carleton.ca\/utili\/","name":"UTILI","description":"Carleton University","potentialAction":[{"@type":"SearchAction","target":{"@type":"EntryPoint","urlTemplate":"https:\/\/carleton.ca\/utili\/?s={search_term_string}"},"query-input":"required name=search_term_string"}],"inLanguage":"en-US"}]}},"acf":{"banner_image_type":"none","banner_button":"no"},"_links":{"self":[{"href":"https:\/\/carleton.ca\/utili\/wp-json\/wp\/v2\/pages\/124"}],"collection":[{"href":"https:\/\/carleton.ca\/utili\/wp-json\/wp\/v2\/pages"}],"about":[{"href":"https:\/\/carleton.ca\/utili\/wp-json\/wp\/v2\/types\/page"}],"author":[{"embeddable":true,"href":"https:\/\/carleton.ca\/utili\/wp-json\/wp\/v2\/users\/5"}],"replies":[{"embeddable":true,"href":"https:\/\/carleton.ca\/utili\/wp-json\/wp\/v2\/comments?post=124"}],"version-history":[{"count":3,"href":"https:\/\/carleton.ca\/utili\/wp-json\/wp\/v2\/pages\/124\/revisions"}],"predecessor-version":[{"id":1113,"href":"https:\/\/carleton.ca\/utili\/wp-json\/wp\/v2\/pages\/124\/revisions\/1113"}],"wp:attachment":[{"href":"https:\/\/carleton.ca\/utili\/wp-json\/wp\/v2\/media?parent=124"}],"curies":[{"name":"wp","href":"https:\/\/api.w.org\/{rel}","templated":true}]}}