{"id":489,"date":"2020-09-18T11:23:32","date_gmt":"2020-09-18T15:23:32","guid":{"rendered":"https:\/\/carleton.ca\/utili\/?page_id=489"},"modified":"2020-09-18T11:27:07","modified_gmt":"2020-09-18T15:27:07","slug":"megan-heath","status":"publish","type":"page","link":"https:\/\/carleton.ca\/utili\/megan-heath\/","title":{"rendered":"Megan Heath"},"content":{"rendered":"<h2 style=\"padding-left: 40px;\">Student Bio<\/h2>\n<p>Megan completed her BSc. At Concordia University with a specialty in ecology and went on to pursue a Master\u2019s in behavioural ecology at Windsor University. She came back to Montreal wanting to pursue a degree that would allow me to merge her love of horticulture with engineering; which would facilitate her to work in a field where she could actively make a contribution to human-nature co-existence.<\/p>\n<p>As of September 2019, Megan has been pursuing a Master\u2019s in environmental engineering at \u00c9cole de technologie sup\u00e9rieure (\u00c9TS) and, under the co-supervision of Dr. David St-Onge and Dr. Robert Hausler, she is exploring the use of natural plant visual signals for the use in machine vision and robotic pollination using drones.<\/p>\n<p>Megan hope to use the UTILI CREATE program to make industrial contacts and explore the field of RPAS use in agriculture.<\/p>\n","protected":false},"excerpt":{"rendered":"<p>Student Bio Megan completed her BSc. At Concordia University with a specialty in ecology and went on to pursue a Master\u2019s in behavioural ecology at Windsor University. She came back to Montreal wanting to pursue a degree that would allow me to merge her love of horticulture with engineering; which would facilitate her to work [&hellip;]<\/p>\n","protected":false},"author":7,"featured_media":0,"parent":0,"menu_order":0,"comment_status":"closed","ping_status":"closed","template":"","meta":{"_relevanssi_hide_post":"","_relevanssi_hide_content":"","_relevanssi_pin_for_all":"","_relevanssi_pin_keywords":"","_relevanssi_unpin_keywords":"","_relevanssi_related_keywords":"","_relevanssi_related_include_ids":"","_relevanssi_related_exclude_ids":"","_relevanssi_related_no_append":"","_relevanssi_related_not_related":"","_relevanssi_related_posts":"","_relevanssi_noindex_reason":"","_mi_skip_tracking":false,"_exactmetrics_sitenote_active":false,"_exactmetrics_sitenote_note":"","_exactmetrics_sitenote_category":0,"footnotes":"","_links_to":"","_links_to_target":""},"yoast_head":"<!-- This site is optimized with the Yoast SEO plugin v21.2 - https:\/\/yoast.com\/wordpress\/plugins\/seo\/ -->\n<title>Megan Heath - UTILI<\/title>\n<meta name=\"description\" content=\"Student Bio Megan completed her BSc. At Concordia University with a specialty in ecology and went on to pursue a Master\u2019s in behavioural ecology at\" \/>\n<meta name=\"robots\" content=\"index, follow, max-snippet:-1, max-image-preview:large, max-video-preview:-1\" \/>\n<link rel=\"canonical\" href=\"https:\/\/carleton.ca\/utili\/megan-heath\/\" \/>\n<meta name=\"twitter:label1\" content=\"Est. reading time\" \/>\n\t<meta name=\"twitter:data1\" content=\"1 minute\" \/>\n<script type=\"application\/ld+json\" class=\"yoast-schema-graph\">{\"@context\":\"https:\/\/schema.org\",\"@graph\":[{\"@type\":\"WebPage\",\"@id\":\"https:\/\/carleton.ca\/utili\/megan-heath\/\",\"url\":\"https:\/\/carleton.ca\/utili\/megan-heath\/\",\"name\":\"Megan Heath - UTILI\",\"isPartOf\":{\"@id\":\"https:\/\/carleton.ca\/utili\/#website\"},\"datePublished\":\"2020-09-18T15:23:32+00:00\",\"dateModified\":\"2020-09-18T15:27:07+00:00\",\"description\":\"Student Bio Megan completed her BSc. At Concordia University with a specialty in ecology and went on to pursue a Master\u2019s in behavioural ecology at\",\"breadcrumb\":{\"@id\":\"https:\/\/carleton.ca\/utili\/megan-heath\/#breadcrumb\"},\"inLanguage\":\"en-US\",\"potentialAction\":[{\"@type\":\"ReadAction\",\"target\":[\"https:\/\/carleton.ca\/utili\/megan-heath\/\"]}]},{\"@type\":\"BreadcrumbList\",\"@id\":\"https:\/\/carleton.ca\/utili\/megan-heath\/#breadcrumb\",\"itemListElement\":[{\"@type\":\"ListItem\",\"position\":1,\"name\":\"Home\",\"item\":\"https:\/\/carleton.ca\/utili\/\"},{\"@type\":\"ListItem\",\"position\":2,\"name\":\"Megan Heath\"}]},{\"@type\":\"WebSite\",\"@id\":\"https:\/\/carleton.ca\/utili\/#website\",\"url\":\"https:\/\/carleton.ca\/utili\/\",\"name\":\"UTILI\",\"description\":\"Carleton University\",\"potentialAction\":[{\"@type\":\"SearchAction\",\"target\":{\"@type\":\"EntryPoint\",\"urlTemplate\":\"https:\/\/carleton.ca\/utili\/?s={search_term_string}\"},\"query-input\":\"required name=search_term_string\"}],\"inLanguage\":\"en-US\"}]}<\/script>\n<!-- \/ Yoast SEO plugin. -->","yoast_head_json":{"title":"Megan Heath - UTILI","description":"Student Bio Megan completed her BSc. At Concordia University with a specialty in ecology and went on to pursue a Master\u2019s in behavioural ecology at","robots":{"index":"index","follow":"follow","max-snippet":"max-snippet:-1","max-image-preview":"max-image-preview:large","max-video-preview":"max-video-preview:-1"},"canonical":"https:\/\/carleton.ca\/utili\/megan-heath\/","twitter_misc":{"Est. reading time":"1 minute"},"schema":{"@context":"https:\/\/schema.org","@graph":[{"@type":"WebPage","@id":"https:\/\/carleton.ca\/utili\/megan-heath\/","url":"https:\/\/carleton.ca\/utili\/megan-heath\/","name":"Megan Heath - UTILI","isPartOf":{"@id":"https:\/\/carleton.ca\/utili\/#website"},"datePublished":"2020-09-18T15:23:32+00:00","dateModified":"2020-09-18T15:27:07+00:00","description":"Student Bio Megan completed her BSc. At Concordia University with a specialty in ecology and went on to pursue a Master\u2019s in behavioural ecology at","breadcrumb":{"@id":"https:\/\/carleton.ca\/utili\/megan-heath\/#breadcrumb"},"inLanguage":"en-US","potentialAction":[{"@type":"ReadAction","target":["https:\/\/carleton.ca\/utili\/megan-heath\/"]}]},{"@type":"BreadcrumbList","@id":"https:\/\/carleton.ca\/utili\/megan-heath\/#breadcrumb","itemListElement":[{"@type":"ListItem","position":1,"name":"Home","item":"https:\/\/carleton.ca\/utili\/"},{"@type":"ListItem","position":2,"name":"Megan Heath"}]},{"@type":"WebSite","@id":"https:\/\/carleton.ca\/utili\/#website","url":"https:\/\/carleton.ca\/utili\/","name":"UTILI","description":"Carleton University","potentialAction":[{"@type":"SearchAction","target":{"@type":"EntryPoint","urlTemplate":"https:\/\/carleton.ca\/utili\/?s={search_term_string}"},"query-input":"required name=search_term_string"}],"inLanguage":"en-US"}]}},"acf":{"banner_image_type":"none","banner_button":"no"},"_links":{"self":[{"href":"https:\/\/carleton.ca\/utili\/wp-json\/wp\/v2\/pages\/489"}],"collection":[{"href":"https:\/\/carleton.ca\/utili\/wp-json\/wp\/v2\/pages"}],"about":[{"href":"https:\/\/carleton.ca\/utili\/wp-json\/wp\/v2\/types\/page"}],"author":[{"embeddable":true,"href":"https:\/\/carleton.ca\/utili\/wp-json\/wp\/v2\/users\/7"}],"replies":[{"embeddable":true,"href":"https:\/\/carleton.ca\/utili\/wp-json\/wp\/v2\/comments?post=489"}],"version-history":[{"count":1,"href":"https:\/\/carleton.ca\/utili\/wp-json\/wp\/v2\/pages\/489\/revisions"}],"predecessor-version":[{"id":490,"href":"https:\/\/carleton.ca\/utili\/wp-json\/wp\/v2\/pages\/489\/revisions\/490"}],"wp:attachment":[{"href":"https:\/\/carleton.ca\/utili\/wp-json\/wp\/v2\/media?parent=489"}],"curies":[{"name":"wp","href":"https:\/\/api.w.org\/{rel}","templated":true}]}}